digit of 3252562979?
5
What is the hundred thousands digit of 81659730?
6
What is the hundred thousands digit of 54204533?
2
What is the thousands digit of 5259529481?
9
What is the hundred millions digit of 142743888?
1
What is the thousands digit of 23294635?
4
What is the ten millions digit of 86515048?
8
What is the hundreds digit of 171581090?
0
What is the tens digit of 31791822?
2
What is the hundreds digit of 335605252?
2
What is the ten thousands digit of 4569134552?
3
What is the millions digit of 30535368?
0
What is the millions digit of 174109221?
4
What is the tens digit of 60371434?
3
What is the thousands digit of 673272305?
2
What is the ten thousands digit of 107194055?
9
What is the hundred millions digit of 3955017455?
9
What is the ten thousands digit of 7307788104?
8
What is the units digit of 509618230?
0
What is the thousands digit of 594587868?
7
What is the tens digit of 1136507724?
2
What is the billions digit of 3241307621?
3
What is the ten millions digit of 2121096931?
2
What is the ten thousands digit of 335566165?
6
What is the millions digit of 39169485?
9
What is the ten millions digit of 45041649?
4
What is the thousands digit of 636083648?
3
What is the units digit of 845586954?
4
What is the hundreds digit of 76451965?
9
What is the hundred millions digit of 388613771?
3
What is the thousands digit of 4793179537?
9
What is the hundreds digit of 31544420?
4
What is the thousands digit of 712696104?
6
What is the thousands digit of 274326155?
6
What is the tens digit of 3159966512?
1
What is the millions digit of 28925627?
8
What is the hundreds digit of 1151714145?
1
What is the units digit of 80183574?
4
What is the millions digit of 1554260598?
4
What is the billions digit of 4528721599?
4
What is the thousands digit of 2586652476?
2
What is the tens digit of 46918800?
0
What is the hundred millions digit of 172739816?
1
What is the tens digit of 4652?
5
What is the ten thousands digit of 431799403?
9
What is the millions digit of 31858010?
1
What is the ten millions digit of 55113735?
5
What is the units digit of 1390956548?
8
What is the hundred millions digit of 785995975?
7
What is the units digit of 538994181?
1
What is the hundreds digit of 2860219373?
3
What is the ten millions digit of 21008607?
2
What is the hundred millions digit of 667012591?
6
What is the units digit of 2202899128?
8
What is the ten thousands digit of 2591394232?
9
What is the thousands digit of 753413496?
3
What is the ten millions digit of 2185499910?
8
What is the hundred millions digit of 444937685?
4
What is the hundred millions digit of 1553512384?
5
What is the tens digit of 50434034?
3
What is the ten thousands digit of 790491869?
9
What is the tens digit of 779462853?
5
What is the thousands digit of 783799886?
9
What is the tens digit of 7167679896?
9
What is the billions digit of 1480694017?
1
What is the millions digit of 45627617?
5
What is the hundred thousands digit of 613390962?
3
What is the hundred thousands digit of 2503555616?
5
What is the thousands digit of 3277082107?
2
What is the units digit of 36893219?
9
What is the ten thousands digit of 2269727328?
2
What is the hundred thousands digit of 7102092837?
0
What is the hundreds digit of 4588446?
4
What is the thousands digit of 474900202?
0
What is the tens digit of 248430200?
0
What is the billions digit of 1703210532?
1
What is the ten thousands digit of 588504121?
0
What is the hundred thousands digit of 173300597?
3
What is the thousands digit of 159760290?
0
What is the hundred millions digit of 979103673?
9
What is the millions digit of 4968247616?
8
What is the millions digit of 96345163?
6
What is the tens digit of 7765895300?
0
What is the billions digit of 5621351260?
5
What is the hundreds digit of 1674396320?
3
What is the ten thousands digit of 10935438?
3
What is the hundred thousands digit of 25942391?
9
What is the units digit of 14299687?
7
What is the hundreds digit of 1113637590?
5
What is the ten millions digit of 885282933?
8
What is the ten millions digit of 107968317?
0
What is the hundred thousands digit of 5862516037?
5
What is the ten millions digit of 259806885?
5
What is the hundred thousands digit of 35462280?
4
What is the units digit of 21899736?
6
What is the millions digit of 35411507?
5
What is the hundreds digit of 56716864?
8
What is the hundreds digit of 248045227?
2
What is the ten millions digit of 1256634411?
5
What is the millions digit of 231167223?
1
What is the hundreds digit of 36988255?
2
What is the units digit of 55847301?
1
What is the billions digit of 2380830188?
2
What is the hundred millions digit of 314731694?
3
What is the units digit of 1069235060?
0
What is the hundred thousands digit of 437964331?
9
What is the billions digit of 1551137637?
1
What is the hundred millions digit of 290989322?
2
What is the millions digit of 667769174?
7
What is the hundreds digit of 78177550?
5
What is the hundred thousands digit of 616311?
6
What is the hundred millions digit of 745852920?
7
What is the units digit of 493676?
6
What is the hundred millions digit of 184231797?
1
What is the ten thousands digit of 7031893?
3
What is the ten millions digit of 5374110002?
7
What is the hundreds digit of 1676189947?
9
What is the hundred thousands digit of 101242927?
2
What is the units digit of 286854532?
2
What is the millions digit of 3056498049?
6
What is the millions digit of 528961765?
8
What is the billions digit of 2268624036?
2
What is the hundreds digit of 4809458610?
6
What is the hundred thousands digit of 1339307886?
3
What is the ten millions digit of 1329264377?
2
What is the ten millions digit of 72744597?
7
What is the ten thousands digit of 691514495?
1
What is the hundreds digit of 104273599?
5
What is the ten millions digit of 186495473?
8
What is the ten thousands digit of 520417966?
1
What is the units digit of 91894741?
1
What is the tens digit of 121432891?
9
What is the hundred thousands digit of 48170637?
1
What is the millions digit of 2867731106?
7
What is the thousands digit of 194170174?
0
What is the hundreds digit of 1715697378?
3
What is the tens digit of 367444647?
4
What is the millions digit of 230525623?
0
What is the ten thousands digit of 63684543?
8
What is the ten thousands digit of 38468322?
6
What is the hundreds digit of 215494895?
8
What is the millions digit of 3935628187?
5
What is the hundred millions digit of 847967411?
8
What is the ten millions digit of 40755387?
4
What is the hundreds digit of 5359660032?
0
What is the tens digit of 49165038?
3
What is the thousands digit of 3276385078?
5
What is the thousands digit of 80511898?
1
What is the hundreds digit of 7411890563?
5
What is the hundred millions digit of 5275071598?
2
What is the thousands digit of 81509440?
9
What is the millions digit of 2493548221?
3
What is the thousands digit of 351159333?
9
What is the ten thousands digit of 304642185?
4
What is the tens digit of 78005660?
6
What is the thousands digit of 54394584?
4
What is the units digit of 374444813?
3
What is the hundred thousands digit of 34068694?
0
What is the ten thousands digit of 3176559614?
5
What is the millions digit of 90378611?
0
What is the hundred thousands digit of 170348010?
3
What is the hundred millions digit of 793652747?
7
What is the billions digit of 4868266688?
4
What is the tens digit of 153179890?
9
What is the tens digit of 459088534?
3
What is the thousands digit of 612374723?
4
What is the units digit of 1535324305?
5
What is the hundreds digit of 1698083877?
8
What is the ten thousands digit of 275926653?
2
What is the hundred millions digit of 650306765?
6
What is the hundreds digit of 55585184?
1
What is the hundred millions digit of 261160311?
2
What is the thousands digit of 2836268?
6
What is the millions digit of 412854414?
2
What is the tens digit of 4211451478?
7
What is the hundreds digit of 758611187?
1
What is the hundreds digit of 362222992?
9
What is the ten millions digit of 391917404?
9
What is the units digit of 48706153?
3
What is the thousands digit of 202273421?
3
What is the ten millions digit of 5795244830?
9
What is the tens digit of 5640897389?
8
What is the tens digit of 380636666?
6
What is the 